 of 492?
True
Does 19 divide 2850?
True
Is 95 a factor of 1045?
True
Is 1274 a multiple of 14?
True
Is 19 a factor of 28839?
False
Is 10 a factor of 14640?
True
Does 20 divide 1278?
False
Does 11 divide 1434?
False
Is 9 a multiple of 5?
False
Does 33 divide 14581?
False
Does 12 divide 8436?
True
Does 137 divide 9816?
False
Is 5 a factor of 679?
False
Is 23 a factor of 5920?
False
Is 12 a factor of 2368?
False
Is 34504 a multiple of 23?
False
Does 58 divide 12586?
True
Does 15 divide 60985?
False
Is 37 a factor of 2163?
False
Is 19 a factor of 3081?
False
Is 49 a factor of 167?
False
Is 28 a factor of 28148?
False
Is 22440 a multiple of 170?
True
Does 6 divide 2544?
True
Does 63 divide 378?
True
Does 12 divide 148?
False
Is 1342 a multiple of 22?
True
Is 56 a multiple of 8?
True
Does 14 divide 4224?
False
Is 3762 a multiple of 171?
True
Does 10 divide 2568?
False
Is 90 a factor of 10890?
True
Is 97 a factor of 78489?
False
Does 6 divide 264?
True
Does 3 divide 669?
True
Does 23 divide 1219?
True
Is 11 a factor of 935?
True
Is 2784 a multiple of 8?
True
Is 512 a multiple of 4?
True
Is 111 a multiple of 11?
False
Is 58 a factor of 1689?
False
Does 63 divide 883?
False
Does 3 divide 22?
False
Does 11 divide 1526?
False
Is 1350 a multiple of 10?
True
Is 8 a factor of 1697?
False
Does 2 divide 4931?
False
Does 11 divide 3707?
True
Is 18 a factor of 1195?
False
Is 25 a factor of 215?
False
Does 20 divide 9469?
False
Does 81 divide 4049?
False
Does 13 divide 1874?
False
Is 30 even?
True
Is 13 a factor of 268?
False
Is 13 a factor of 4784?
True
Is 26030 a multiple of 137?
True
Does 331 divide 11254?
True
Does 6 divide 612?
True
Does 13 divide 2888?
False
Is 2490 a multiple of 46?
False
Does 80 divide 36000?
True
Does 337 divide 46843?
True
Is 231 a multiple of 10?
False
Is 657 a multiple of 19?
False
Is 1978 a multiple of 2?
True
Is 8 a factor of 777?
False
Does 72 divide 10789?
False
Is 17265 a multiple of 28?
False
Is 480 a multiple of 10?
True
Is 234 a factor of 86728?
False
Is 9657 a multiple of 9?
True
Does 17 divide 506?
False
Is 17 a multiple of 12?
False
Is 692 a multiple of 5?
False
Is 17976 a multiple of 28?
True
Is 2260 a multiple of 9?
False
Is 8 a factor of 11720?
True
Is 238 a factor of 29432?
False
Does 2 divide 1665?
False
Is 986 a multiple of 29?
True
Does 25 divide 977?
False
Is 166 a factor of 18260?
True
Is 19 a factor of 1140?
True
Does 2 divide 159?
False
Is 23858 a multiple of 220?
False
Does 9 divide 36?
True
Does 6 divide 24?
True
Is 93 a factor of 1581?
True
Is 396 a multiple of 11?
True
Does 8 divide 512?
True
Does 9 divide 2940?
False
Is 56 a factor of 270?
False
Does 46 divide 39932?
False
Does 68 divide 54805?
False
Is 145 a multiple of 10?
False
Is 467 a multiple of 2?
False
Does 17 divide 736?
False
Does 12 divide 154102?
False
Is 11 a factor of 1155?
True
Is 280 a multiple of 5?
True
Does 19 divide 683?
False
Is 32 a factor of 48927?
False
Does 33 divide 1331?
False
Is 88 a multiple of 45?
False
Is 560 a multiple of 5?
True
Is 57 a factor of 524?
False
Is 325 a multiple of 2?
False
Is 27865 a multiple of 18?
False
Is 6780 a multiple of 10?
True
Is 486 even?
True
Does 17 divide 219?
False
Is 10 a factor of 105?
False
Does 2 divide 179?
False
Is 5520 a multiple of 92?
True
Is 13 a factor of 33818?
False
Does 34 divide 26010?
True
Is 11 a factor of 38767?
False
Is 866 a multiple of 19?
False
Is 18 a factor of 1177?
False
Is 33 a factor of 32967?
True
Is 200 a multiple of 4?
True
Is 189 a multiple of 4?
False
Does 2 divide 1127?
False
Is 32472 a multiple of 13?
False
Is 5391 a multiple of 9?
True
Is 39564 a multiple of 22?
False
Does 46 divide 900?
False
Is 13 a factor of 624?
True
Does 76 divide 96399?
False
Does 10 divide 840?
True
Is 1936 a multiple of 88?
True
Is 14934 a multiple of 19?
True
Does 31 divide 145?
False
Does 64 divide 372?
False
Is 371 a multiple of 7?
True
Does 88 divide 1144?
True
Is 285 a factor of 13965?
True
Is 165 a multiple of 15?
True
Is 96 a factor of 1407?
False
Does 108 divide 5096?
False
Is 52 a factor of 364?
True
Is 4610 a multiple of 2?
True
Is 8265 a multiple of 90?
False
Is 46 a factor of 1351?
False
Is 1584 a multiple of 18?
True
Is 2159 a multiple of 3?
False
Does 247 divide 1224?
False
Is 220 a multiple of 55?
True
Does 132 divide 3828?
True
Does 25 divide 347?
False
Does 22 divide 11027?
False
Does 16 divide 9312?
True
Is 19 a factor of 5738?
True
Is 325 a multiple of 6?
False
Does 22 divide 770?
True
Is 6132 a multiple of 28?
True
Does 47 divide 4536?
False
Is 20 a factor of 260?
True
Does 177 divide 1770?
True
Is 1327 a multiple of 15?
False
Is 2950 a multiple of 50?
True
Is 5366 a multiple of 170?
False
Is 15500 a multiple of 124?
True
Does 11 divide 2376?
True
Does 10 divide 430?
True
Is 12 a factor of 120?
True
Is 247 a factor of 25016?
False
Does 19 divide 1160?
False
Is 163 a factor of 51477?
False
Is 4 a factor of 2004?
True
Does 13 divide 1482?
True
Is 217 a multiple of 9?
False
Is 1776 a multiple of 12?
True
Is 2679 a multiple of 5?
False
Is 10 a factor of 1222?
False
Does 4 divide 1720?
True
Does 74 divide 9842?
True
Is 34 a factor of 15062?
True
Is 351 a multiple of 13?
True
Does 7 divide 109?
False
Is 2 a factor of 950?
True
Does 51 divide 2472?
False
Is 2336 a multiple of 9?
False
Is 3428 a multiple of 17?
False
Does 27 divide 22806?
False
Does 11 divide 8638?
False
Does 41 divide 4100?
True
Does 166 divide 21324?
False
Is 9881 a multiple of 15?
False
Is 8428 a multiple of 196?
True
Does 14 divide 282?
False
Is 43180 a multiple of 102?
False
Is 28 a factor of 40671?
False
Is 28317 a multiple of 165?
False
Is 121 a factor of 8320?
False
Does 8 divide 880?
True
Is 2544 a multiple of 16?
True
Is 16 a factor of 3613?
False
Is 143 a factor of 107107?
True
Is 3046 a multiple of 54?
False
Is 27135 a multiple of 6?
False
Is 21 a factor of 3444?
True
Does 39 divide 11544?
True
Is 3055 a multiple of 47?
True
Is 36 a factor of 2628?
True
Does 22 divide 2117?
False
Is 20 a factor of 47560?
True
Is 899 a multiple of 2?
False
Is 85 a factor of 4115?
False
Is 1248 a multiple of 16?
True
Is 52 a factor of 1196?
True
Is 1697 a multiple of 2?
False
Does 4 divide 8043?
False
Is 791 a multiple of 8?
False
Is 13 a factor of 22217?
True
Does 96 divide 58570?
False
Is 6 a factor of 482?
False
Is 34 a factor of 272?
True
Is 22 a factor of 17052?
False
Is 14 a factor of 134024?
False
Is 41 a multiple of 4?
False
Is 75 a multiple of 2?
False
Is 119 a factor of 22562?
False
Is 2718 a multiple of 31?
False
Is 1820 a multiple of 7?
True
Is 125 a multiple of 5?
True
Is 157 a factor of 5391?
False
Is 12 a factor of 96?
True
Is 245 a factor of 12201?
False
Is 336 a multiple of 3?
True
Does 5 divide 9570?
True
Is 40 a factor of 9862?
False
Is 92 a factor of 1539?
False
Is 90 a multiple of 4?
False
Is 87 a multiple of 9?
False
Is 84 a factor of 1019?
False
Is 307 a multiple of 3?
False
Is 5 a factor of 836?
False
Does 4 divide 81?
False
Is 33278 a multiple of 13?
False
Is 162 a factor of 38556?
True
Does 19 divide 401?
False
Is 7 a factor of 1208?
False
Does 37 divide 1147?
True
Is 1176 a multiple of 42?
True
Is 82 a factor of 3351?
False
Is 15560 a multiple of 20?
True
Does 36 divide 3406?
False
Is 19566 a multiple of 18?
True
Is 7 a factor of 84?
True
Does 9 divide 1606?
False
Is 7 a factor of 7476?
True
Is 44 a factor of 1716?
True
Is 13104 a multiple of 18?
True
Does 15 divide 2100?
True
Does 44 divide 12881?
False
Is 33 a factor of 2972?
False
Is 7 a factor of 8979?
False
Is 5 a factor of 3908?
False
Is 1035 a multiple of 45?
True
Is 31 a factor of 45946?
False
Is 34 a factor of 170?
True
Does 6 divide 234?
True
Is 213 a multiple of 7?
False
Is 703 a multiple of 2?
False
Is 101 a factor of 909?
True
Is 1076 a multiple of 13?
False
Is 18 a factor of 33?
False
Is 24360 a multiple of 87?
True
Is 7040 a multiple of 40?
True
Is 4 a factor of 89?
False
Does 25 divide 244?
False
Is 248 a factor of 18920?
False
Does 2 divide 180?
True
Does 6 divide 901?
False
Is 12 a factor of 5088?
True
Is 22 a factor of 1027?
False
Is 324 a multiple of 12?
True
Does 19 divide 3382?
True
Does 67 divide 1139?
True
Does 4 divide 156?
True
Does 9 divide 578?
False
Is 24995 a multiple of 168?
False
Does 5 divide 5895?
True